 What is the greatest common divisor of 90 and y?
18
Let t(l) = -5*l**3 - l**2 - l - 1. Let z be t(-1). What is the highest common divisor of 36 and z?
4
Suppose -4*a + 4*z + 168 = 0, -46 = -2*a + a + 3*z. What is the highest common factor of a and 8?
8
Let a(b) = 2*b**3 + 3*b - 4. Let t be a(3). Let s = t - -22. Calculate the highest common divisor of s and 9.
9
Let p(o) = -o. Let w(d) = -2*d. Let s(k) = 6*p(k) - 2*w(k). Let v be s(-2). Let q be v/(-14) - (-58)/7. Calculate the highest common factor of 16 and q.
8
Let i = -51 - -100. What is the greatest common factor of i and 539?
49
Suppose -21*p + 13*p = -1672. Let h(j) be the first derivative of j**3/3 - j**2/2 - j - 1. Let a be h(-4). Calculate the greatest common factor of p and a.
19
Let j = 44 + -37. What is the greatest common factor of 224 and j?
7
Suppose s - 4*s + 36 = 0. Calculate the highest common factor of s and 6.
6
Let r be 7 + (1 - 2/(-1)). Suppose r - 76 = -2*l. Let o = 45 + -23. Calculate the highest common factor of o and l.
11
Let b be -2 + 1 + (1 - 0). Let v = -21 - b. Let d be (-384)/v + 4/(-14). What is the highest common divisor of 27 and d?
9
Let h be 9 - 0 - (-7)/((-35)/(-15)). Calculate the highest common divisor of 12 and h.
12
Let c(w) = w - 1. Let k be c(7). Suppose -k + 0 = -s. Suppose 3*q + 5*z - s = 0, 3*q - 36 = 4*z + z. What is the greatest common divisor of 49 and q?
7
Suppose d - 39 = -3*v + 196, 3*d = -15. Calculate the highest common factor of 8 and v.
8
Let s = -33 + 57. Let m be (0 - 324)/(15/(-10)). What is the highest common factor of s and m?
24
Let j(i) = i + 13. Let p be j(-12). Let t(a) = -6*a - 1. Let q be t(2). Let k = p - q. Calculate the highest common factor of 35 and k.
7
Let t be (27 - 1) + 4*-1. Let f be (0 - 1)*-55*1. Calculate the highest common divisor of t and f.
11
Let p(l) = 2*l - 9. Let a be (14/6)/((-2)/(-6)). Let y be p(a). Suppose f = 3*f - 50. What is the highest common factor of y and f?
5
Suppose 3*x - 4*x + 2 = 0. Suppose v = -f - x*f + 9, -5*f = 0. Suppose 3*z + 18 = 5*z. What is the greatest common factor of v and z?
9
Let h(a) be the second derivative of a**5/20 - 5*a**3/6 - a**2 - a. Let m be h(4). Let v = 226 + -205. Calculate the greatest common factor of m and v.
21
Let f = 59 + -51. Let o(a) = a**3 - a + 1. Let t be o(1). What is the highest common divisor of f and t?
1
Suppose -3*l - 2*j + 2 = 0, j = 5*l - 1 - 24. Suppose 3*q - l = 2*q. Let h be ((-8)/(-10))/(q/80). Calculate the greatest common factor of 16 and h.
16
Suppose 5*m = 3*u - 8 + 25, 2*u - 5*m = -18. Let x(f) = 0*f - f + 4 - 2. Let t be x(1). Calculate the greatest common divisor of t and u.
1
Let r be ((-9)/6)/((-3)/(-4)). Let c be -18*2*r/12. Let n = 71 + -17. Calculate the greatest common factor of c and n.
6
Let k be ((-8)/10)/(3/15). Let d be (-2)/k*-2 - -15. Suppose x + 50 = 2*x + 2*r, 0 = 3*x + 4*r - 156. Calculate the greatest common divisor of x and d.
14
Suppose 2*m - 2*h = -160, -136 = 2*m + 4*h - 0*h. Let j be (-2)/8 - m/(-16). Let g = j - -10. What is the highest common divisor of 20 and g?
5
Let w be (-373)/(-5) - (-4)/10. Let y(f) = 2*f + 9. Let c be y(3). What is the highest common factor of c and w?
15
Suppose 3*z = 2*z + 3. Suppose 0 = -z*g + 4*g - 5. Suppose -4*y + 11 + g = 0. Calculate the highest common factor of y and 12.
4
Suppose -4*w = 2*g - 72, -18 = -w + 5*g - g. Let k be 1/4 + 26/(-8). Let y(c) = 2*c**2 + 3*c + 3. Let l be y(k). What is the greatest common factor of l and w?
6
Let r = 4 - -3. Suppose 2*w + 0*w - 14 = 0. What is the highest common divisor of r and w?
7
Suppose 0 = 3*v - 0*v. Suppose v*p + 2*p = 8. Suppose y - p*y = -135. Calculate the greatest common factor of 9 and y.
9
Let y be (-1)/(((-3)/54)/1). Suppose 2*m + y = 6. Let q be -3*(m + -1)/1. What is the highest common factor of q and 3?
3
Let h = 25 + -28. Let o be ((-12)/h)/(-4) - -2. What is the highest common factor of 11 and o?
1
Let c(g) = -g**3 + 3*g - 2. Let r be c(-3). Suppose 0*h = 4*h - r. Calculate the highest common factor of h and 2.
2
Let o be (-194)/(-8) - (-3)/(-12). Suppose -4*y = t - 0*t - 27, 0 = -5*y + 2*t + 24. Calculate the greatest common factor of o and y.
6
Let m = 6 + 4. Let x(z) = -11*z + 1. Let f be x(1). Let r be (-898)/f + (-6)/(-30). What is the highest common factor of r and m?
10
Let p = 17 - 15. Let y be 21 - (p - 2)/(-4). What is the greatest common divisor of 21 and y?
21
Suppose -s + 15 = o, 4*o - 29 = -9. Suppose -12 = -2*m - 2*y - 2*y, -m + s = 4*y. Suppose -24 = -0*q - m*q. Calculate the highest common factor of 132 and q.
12
Let a = -71 + 255. Let o = -124 + a. Calculate the highest common divisor of o and 24.
12
Let g = -4 + 7. Suppose 3*p - 9 = 2*t, -p + 0*t + g = 4*t. Let h be 2 - (-3 + 2 + -21). What is the greatest common divisor of h and p?
3
Let a(d) = -d**2 - 8*d - 8. Let h be a(-6). Suppose -h*b = -30 - 150. What is the highest common divisor of b and 18?
9
Let s = -71 + 167. What is the highest common factor of 12 and s?
12
Suppose 34 = -3*s + 175. Calculate the greatest common factor of s and 329.
47
Suppose -4*h + 5*k = -0 - 5, -k = -4*h + 17. Suppose -h*w = -12 - 18. Suppose g - 264 = -3*g. Calculate the highest common divisor of g and w.
6
Suppose -4*z + 0*z = 0. Suppose -3*r + 5*w = 2*r - 15, z = 2*w - 4. Calculate the highest common factor of 2 and r.
1
Let c = 242 + -74. Calculate the greatest common factor of c and 24.
24
Suppose 0 = -f - 2*x + 10 + 12, 5*x - 91 = -4*f. Calculate the greatest common divisor of 48 and f.
24
Let y(g) = -g**3 + 16*g**2 + 20*g - 25. Let z be y(17). Calculate the highest common divisor of z and 234.
26
Let a = -21 - -102. Let f be (-18 - (1 + -1))*(-22)/44. What is the highest common divisor of a and f?
9
Let r = -33 - -53. Let y = r + -8. Suppose 2*p = 222 - 30. What is the greatest common divisor of y and p?
12
Let z(s) = s**3 + 5*s**2 - 7*s - 6. Let v be z(-6). Let k be -1*(-15 - v/(-3)). Calculate the highest common divisor of k and 60.
15
Let m(j) = 2*j**2 - 7*j - 9. Let p be m(8). Suppose -u = -4*q + 4*u + p, 3*q - 55 = -4*u. Calculate the highest common factor of q and 17.
17
Let x(y) = 23*y**2 - y. Let i be x(1). Suppose 6*t = 4*t + 484. Calculate the greatest common divisor of i and t.
22
Suppose -12*o + 11*o = -2*m + 223, m - 5*o - 89 = 0. Calculate the highest common factor of 171 and m.
57
Suppose -38 = u - 3*u. Calculate the greatest common divisor of 304 and u.
19
Suppose 0 = -3*z - 4 + 1. Let a be (4/(8/(-10)))/z. Calculate the highest common divisor of 35 and a.
5
Let w(f) be the second derivative of -f**4/12 + f**2 - f. Let k be w(2). Let v be (k - 1)/(5/(-180)). What is the highest common divisor of 12 and v?
12
Let s be ((-2)/6)/(2/(-12)). Suppose s = z - 30. Let b = 8 + 8. Calculate the highest common factor of z and b.
16
Suppose -3*v + 356 = -5*k + 938, 5*k + 5*v - 590 = 0. What is the greatest common divisor of k and 13?
13
Suppose -32 = -2*c + 8. Suppose -5*m + 24 = -4*t, m - c = 2*t - 5*t. What is the highest common divisor of 24 and m?
8
Let q(k) = 99*k**3 - 2*k**2 + 2*k - 1. Let s be 3/2 + (-2)/4. Let v(c) = 2*c - 1. Let r be v(s). Let j be q(r). Calculate the highest common factor of j and 14.
14
Suppose 24 = 3*h + d + 10, -4*d - 14 = -2*h. Suppose -l + 0*n = -4*n + 24, -l = h*n - 3. Let k = l - -20. Calculate the greatest common factor of k and 4.
4
Let p = 7 - -1. Suppose -2*d = d - v - 92, -4*d = -3*v - 116. What is the greatest common factor of p and d?
8
Suppose c - 2*c = -19. Let x = 95 + c. Let m = 43 - 24. What is the greatest common factor of m and x?
19
Let y be (58/8)/(3 + 22/(-8)). Calculate the highest common factor of 116 and y.
29
Let f be 3*(-3 + 76/12). Let z be (-150)/4*4/(-3). What is the highest common divisor of f and z?
10
Suppose -4*x - 4*b - 4 = 0, x + 3 + 0 = -3*b. Suppose q - 2 + x = 0. Suppose 6*s - q*s - 264 = 0. Calculate the highest common divisor of 6 and s.
6
Let v be 2 + 7/(0 + 1). Calculate the highest common divisor of 27 and v.
9
Suppose 17*z - 22*z = -50. What is the greatest common factor of z and 110?
10
Suppose -13 = -2*g - 3. Suppose 0 = -i - i - g*n - 3, 2 = -2*n. Let q be i - (0 + -2) - -6. What is the greatest common factor of 81 and q?
9
Let m be 5 + -3 + -1 - -19. Let f = 34 - m. What is the 